*m + 3*x - 8 + 1 = 0. Suppose -3*h = -2*q + 85, -4*q + 7*q - m*h = 125. Suppose q = 3*f + 5. What are the prime factors of f?
2, 3
Let l(n) = 2*n**3 + n**2 + 4*n - 3. What are the prime factors of l(2)?
5
Let w be (0 + 2)*(2 + -1). Suppose 4*p + 3 - 1 = 3*t, -w*p = -t. Suppose n + 23 = t*x, 3*x - 5*x + 24 = -2*n. What are the prime factors of x?
11
Let s be (0 - 2) + (-4)/(-1). Let a = 3 + s. Suppose -a*d + 82 = -13. List the prime factors of d.
19
Let r = 3 - 1. Suppose -r*f + p + 9 = 0, 5*f + 11 = -4*p + 1. What are the prime factors of f?
2
List the prime factors of 468/10*15/3.
2, 3, 13
List the prime factors of (10/20)/((-1)/(-38)).
19
Let d(m) = m**3 - 3*m**2 + 4*m - 2. Let u be d(2). Let q be u/(-10)*2*-10. Suppose -c = q, -5*a + 16 = -a + 5*c. List the prime factors of a.
3
Let n(o) = -113*o + 13. List the prime factors of n(-1).
2, 3, 7
Let l(b) be the third derivative of b**5/60 - b**4/8 - b**3/2 - 8*b**2. List the prime factors of l(5).
7
Suppose 0 = 3*j + 7 + 38. List the prime factors of 7*6/j*-5.
2, 7
Suppose -3*a - 2*n - 30 = n, -4*n - 8 = 0. Let o = 3 - a. Let p = o - 3. What are the prime factors of p?
2
Let d(w) be the second derivative of -w**3/6 + w**2 + 2*w. Let v be d(2). List the prime factors of 1 + -2 + v - -10.
3
What are the prime factors of ((-1008)/60)/((-6)/20)?
2, 7
Let n(b) = b. Let k(j) = -7*j - 1. Let d(y) = k(y) + 6*n(y). Let s be d(-10). What are the prime factors of ((-66)/s)/((-4)/6)?
11
Let w = -6 + 13. Suppose -m = -2*m - 4*l + w, 3 = 5*m + 4*l. Let o = m + 8. What are the prime factors of o?
7
Suppose 0 = -4*b - 20, -5*r - 4*b + 84 = -31. What are the prime factors of r?
3
Let j = -1 + 5. Suppose 8*v = j*v + 32. What are the prime factors of (28/6)/(v/12)?
7
Suppose 4*w = -5*n + 34, -4*w + 4*n = -10 - 42. List the prime factors of w.
11
Let r(l) = -l**2 - 6*l + 7. Let b be r(-7). Suppose 7*x - 3*x = -t + 25, b = -3*x + 3. What are the prime factors of t?
3, 7
Suppose 3*j - 3*f = 57, f = 2*j - 0*j - 43. List the prime factors of j.
2, 3
Let j be (8/20)/((-2)/(-10)). Suppose 0 = j*w + w + c + 5, w + 5*c = -25. Suppose 0 = -4*h - w*h + 28. What are the prime factors of h?
7
Let x(t) = -5*t**2 - 2*t + 3. Suppose 4*f - 8 = -0*f. Let l be x(f). Let n = 39 + l. List the prime factors of n.
2, 3
Let r = 170 + -58. Suppose 4*j = -3*l + 2*j + 54, -4*j - r = -5*l. List the prime factors of l.
2, 5
Let x = -6 - -23. List the prime factors of x.
17
What are the prime factors of (4/(-6))/((-12)/4014)?
223
Let m = 47 + -18. Let b = -21 + m. List the prime factors of b.
2
Let i = -5 - -8. Suppose s + i*s = 16. Suppose h + 60 = s*h. What are the prime factors of h?
2, 5
Let c be 3384/63 - (-2)/7. Suppose -193 = -5*o - d + 7, -o + c = 3*d. What are the prime factors of o?
3, 13
Let h(s) be the third derivative of s**5/60 - s**3/3 + 6*s**2. What are the prime factors of h(6)?
2, 17
Let b = -27 + 61. Suppose b = -4*v + 42. What are the prime factors of v?
2
What are the prime factors of 324/90*25/2?
3, 5
Let i(x) = -x + 4. Let u be i(7). Let c(a) be the second derivative of -a**3/3 - a**2 + a. What are the prime factors of c(u)?
2
Let l = 143 + -59. What are the prime factors of l?
2, 3, 7
Let j(g) = g**2 - 2*g + 10. Let p be j(0). What are the prime factors of (p/(-4))/(5/(-10))?
5
Let f = 6 - 5. List the prime factors of 12 - f - (0 - 1).
2, 3
Let p = -8 - -55. What are the prime factors of (0 + 1)*(p - 14)?
3, 11
Let h = 54 + -8. What are the prime factors of h?
2, 23
Suppose 8*k - 870 = -94. What are the prime factors of k?
97
Suppose 4*o + m = 162, -7*m = -2*o - 3*m + 72. Suppose -5*v + v = -16. Suppose -n + o = v*n. List the prime factors of n.
2
Let t(g) = g**2 - g**2 + 6*g**2 - 2*g + 1 + 0*g**2. Let l be t(1). Let z = l + -2. What are the prime factors of z?
3
Let r be 0 + 4 - 2/(-2). Suppose -r*c - 5 + 14 = 3*n, -n + 3*c = -3. What are the prime factors of n?
3
Suppose 2*y + 3*f - 80 + 16 = 0, -f - 160 = -5*y. What are the prime factors of y?
2
Suppose -4*f + 50 = -2*f. List the prime factors of f.
5
Let o be (-4)/(8/(-6)) - -2. Let u(n) = 2*n**2 - 6*n + 7. List the prime factors of u(o).
3
Suppose 2*v = 5*v - 5*a - 260, 0 = -4*v + 4*a + 344. What are the prime factors of v?
5, 17
Suppose -8 = -5*y + y, 0 = 2*p - 3*y - 8. Let x = 17 - p. List the prime factors of x.
2, 5
Suppose -3*y - 2*o + 20 = 0, -4*y + 29 = 3*o + 1. Suppose 3*r = 4*r + y. Let f = r + 7. What are the prime factors of f?
3
Suppose 0 = -3*d, 0 = -5*j + 5*d - 100 + 760. List the prime factors of j.
2, 3, 11
Let k be 4/5*(-30)/4. Suppose -3*c = -0*u - 2*u + 23, 0 = -c + 5*u + 1. Let q = k - c. List the prime factors of q.
3
Let t(r) = r**2 + 10*r + 15. List the prime factors of t(-11).
2, 13
Let j(i) = -2*i + 2. Let h be j(-2). What are the prime factors of h/(-4)*310/(-15)?
31
Let a(b) = 16*b - 2. What are the prime factors of a(3)?
2, 23
Let r be 206/(-10) + (-6)/15. List the prime factors of (-44)/(-3)*r/(-14).
2, 11
Let d be 2 - (3 - 0 - -12). Let s be (3 + d/4)*-20. What are the prime factors of s*66/15*1?
2, 11
Suppose 2*b + 1 = 5. Let k(y) = 3*y**2 + y. List the prime factors of k(b).
2, 7
Suppose -k + 16 = -3*h + h, 2*k + 3*h = 39. What are the prime factors of k?
2, 3
Let p be 2/8 - (-1)/(-4). Suppose -3*r - 2*q - q + 33 = p, 5*q + 5 = 0. What are the prime factors of r?
2, 3
Suppose z - 36 = 5. List the prime factors of z.
41
Let k = 18 - 6. List the prime factors of k.
2, 3
Suppose 37*j = 32*j + 740. What are the prime factors of j?
2, 37
Suppose -2*g - 3*k + 19 = 0, -5*g = 5*k - 42 + 7. Let h be 4 - g*(-2)/4. Suppose -s + 65 = 5*n - 0*s, -n - 13 = -h*s. List the prime factors of n.
2, 3
What are the prime factors of 18 + (-3)/(-1) + 2?
23
Let f = 193 - 158. List the prime factors of f.
5, 7
List the prime factors of (1 + 1)/(18/297).
3, 11
Let m = -5 + 7. Suppose 0 = 13*u - 37 - 262. Suppose m*z = 19 + u. What are the prime factors of z?
3, 7
Let b(h) = h + 1. Let t be b(0). Suppose 2*f + t - 19 = 4*z, 51 = 5*f - 4*z. What are the prime factors of f?
11
Let a(c) = -12*c - 8. What are the prime factors of a(-3)?
2, 7
Let p = 9 + -10. Let n be p + 1/(-2)*4. What are the prime factors of 21/2 + n/(-6)?
11
Let c = 51 + 2. What are the prime factors of c?
53
Let b(h) = h + 3. Let m be b(-5). Let o = 5 + m. List the prime factors of o.
3
Let d be ((-20)/(-35))/(4/14). Suppose d*c - 24 = 2*x, -3*c + 0*x = 4*x - 8. What are the prime factors of c?
2
Let n(k) = -k + 4. Let d = 0 + 0. Let g be n(d). Suppose f = -4*q + 32 - g, -q = -4*f + 10. List the prime factors of q.
2, 3
Let u be (-16)/120 - 2854/(-30). Let i = 140 - u. What are the prime factors of i?
3, 5
What are the prime factors of (-2 + 0)*(19/(-2) - -2)?
3, 5
Suppose 5*m = 5*c + 290, 86 = -2*m - c + 208. What are the prime factors of m?
2, 3, 5
Suppose 0 = 3*u + 15. Let a = -2 - u. What are the prime factors of a?
3
Let n(c) = -c**3 - 2*c**2 + 4*c + 4. List the prime factors of n(-5).
59
Suppose -b + 7 = 3*n, 3*b + 3*n = -0*b + 33. What are the prime factors of b/2 + 1/2?
7
Let p(j) = j**3 - 5*j**2 - 8*j - 16. List the prime factors of p(7).
2, 13
Let z be (-1)/(-3) - (-5)/3. Let y be (-2)/(-3)*z*3. Suppose c + q = -c + y, 5*q = -10. What are the prime factors of c?
3
Suppose 1 = r - 0*r, -3*p + 3*r = 33. Let a = -7 - p. List the prime factors of ((-16)/3)/((-1)/a).
2
Let r = 2 + 3. Suppose 4*x - 38 = -r*l, 5*l + 4*x - 32 = l. What are the prime factors of l?
2, 3
Let p be 1/4 + (-19)/(-4). Suppose 0 = n + p*o + 13, -5*o - 34 = -2*n - 0*o. Suppose 2*h - 27 + n = 0. List the prime factors of h.
2, 5
List the prime factors of -2 + 42 + 3 + -2.
41
Suppose -1 = 3*q + h - 11, 0 = 3*q + 3*h - 18. Let x(u) = 5 + 3 - 3*u**2 - 5*u + q*u**2. What are the prime factors of x(-6)?
2
Suppose -5*g - 10 = 2*u, -2*u + 3*g - 16 = 5*g. Let s = -3 - u. List the prime factors of s.
7
Let o(m) = 2 + 2*m - 3*m + 2*m. Let i be o(0). List the prime factors of (-3)/(-3)*(i + 6).
2
Let u(q) = q + 4. Let j be u(6). Suppose -34 = -4*f + j. List the prime factors of f.
11
Let r = 69 + -26. List the prime factors of r.
43
Suppose 0 = -2*a + 2 - 12, -3*s - 16 = 2*a. Let m = s + 4. List the prime factors of m.
2
Suppose 0 = -18*y + 12*y + 1170. What are the prime factors of y?
3, 5, 13
Suppose 0 = -j + 1, 3*j - 3